 + 1640*j**3 + 2. What is the hundreds digit of m(1)?
0
What is the ten thousands digit of 1564/(-238) + 9/(-21) + 45177/3?
1
Let d(p) = -p**3 + 16*p**2 - 5*p - 17. Suppose -13*o = -46 - 45. What is the units digit of d(o)?
9
Let b(p) = 170*p + 883. What is the units digit of b(27)?
3
Let g be -1 + -4 + 8 - -2. Let j(p) = -6*p + 13. Let w be j(-1). Suppose 0 = d - 5*z - 111 + w, 0 = 2*d + g*z - 154. What is the units digit of d?
2
Suppose -u - 4*m + 1741 + 158 = 0, 3*u - 5729 = -4*m. What is the tens digit of u?
1
Let n = -4254 + 2588. Let w = n + 2388. What is the units digit of w?
2
Suppose 5*i + 54 = 89. Let c(k) = 5*k**2 - 9*k - 6. What is the hundreds digit of c(i)?
1
Let u(a) = 766*a - 131. What is the thousands digit of u(65)?
9
Suppose -2*s - 5*t = 3*s + 135, -s + t = 35. Let g = 36 + s. Suppose 0 = 3*z + 9, -3*x + g*z = -43 - 68. What is the tens digit of x?
3
Let n = -13375 + 19742. What is the units digit of n?
7
Let q(x) = 12*x**3 + x**2 + 3*x + 5. Let d(n) = -12*n**3 - n**2 - 2*n - 6. Let l(v) = -5*d(v) - 6*q(v). What is the tens digit of l(-3)?
3
What is the hundreds digit of (-10068 + 4 - 12)*((-2)/(-4))/(-1)?
0
Let v = 584 + -225. Let d = v + 388. What is the hundreds digit of d?
7
Suppose 0 = 2*x + 2*x - 12, 11 = -5*a - 3*x. What is the units digit of (17/3 - 5)*(-474)/a?
9
Suppose 62*g - 54*g = 186732 + 269084. What is the hundreds digit of g?
9
Suppose 221*s - 1522200 = 178*s. What is the ten thousands digit of s?
3
Let g = 1457 - 806. What is the tens digit of g - 4/(-7)*(-105)/(-30)?
5
What is the units digit of -6*(-27)/405 - (0 - 136773/5)?
5
Let j = 34 + -31. Suppose 4*o + 723 = j*l, 3*o + 537 = -4*l + l. Let n = -91 - o. What is the tens digit of n?
8
Let o = 32764 + -23321. Suppose -14*m - 5*m = -o. What is the units digit of m?
7
Let w = -24123 + 37489. What is the ten thousands digit of w?
1
Suppose 20*y = -175421 + 546961. What is the hundreds digit of y?
5
What is the units digit of (-4)/14 - (251436/(-35))/((-114)/(-380))?
6
Let k(n) = 27*n**3 + 4*n**2 - 5*n - 10. What is the tens digit of k(3)?
4
Let k = -23571 + 33845. What is the thousands digit of k?
0
Let w = -49 - -37. Let m be 5*(2 + w/10). Suppose 5*s = -2*n + 333, 4*s + 2*n - 252 = m*n. What is the units digit of s?
5
Let s be (-739)/4*(12 - (3 - -5)). Let r = s - -1684. What is the hundreds digit of r?
9
Let x(o) = o**2 - 6*o + 9. Let i be x(5). Suppose 4*q = -2*j + 6*j - 700, i*j + 2*q - 682 = 0. Suppose 1095 = 7*w - j. What is the hundreds digit of w?
1
Suppose -2*j = w - 4842, -10*w - 9684 = -4*j - 6*w. What is the units digit of j?
1
What is the units digit of (-186)/372*(27/18 - 9951/2)?
7
Let y = 4315 + -1994. What is the thousands digit of y?
2
Suppose 193440 = 128*q - 88*q. What is the thousands digit of q?
4
Suppose g = 4*n - 4, 5*g + 10*n - 11*n = -1. Suppose g*t = 2*t - 4*f - 606, 1194 = 4*t + f. What is the hundreds digit of t?
2
Let d(n) = -n**2 + 20*n + 19. Let q be d(18). Let r = q + -52. Suppose -2*j = -r*a - 101, 0*a - a = 5. What is the tens digit of j?
4
Suppose 30*b + 10 = 25*b. What is the units digit of ((-143)/(-44))/(b/(-136))?
1
Let t = -33 + 41. Suppose -14 = t*d - 10*d. Suppose 615 + 407 = d*u. What is the hundreds digit of u?
1
Suppose 0 = -5*h - 4*j - 0*j + 48, -5*h - j + 42 = 0. Let c(t) be the second derivative of t**4/12 - t**3/6 + 4*t**2 - 185*t. What is the units digit of c(h)?
4
Suppose -291*i + 3*w + 330153 = -286*i, -3*i + 4*w + 198105 = 0. What is the ten thousands digit of i?
6
Let v(f) = 30*f**3 + 2*f**2 - f - 2. Let u be v(-2). Let i = u - -741. What is the tens digit of i?
0
Suppose 12393 = 12*y - 14787. What is the units digit of y?
5
Suppose 2*j + 2*j = 12712. Suppose -7*y + j = 7*y. What is the tens digit of y?
2
Suppose 0 = 27*f - 29*f + 2602. What is the hundreds digit of f?
3
Let r = 5910 - 1715. Suppose 0*v = -g - 3*v + 839, 0 = -5*g + 5*v + r. What is the hundreds digit of g?
8
Let u(k) be the first derivative of -5*k**4/2 - 2*k**3/3 + 4*k + 21. What is the tens digit of u(-2)?
7
Suppose 479913 = -69*k + 4558641. What is the units digit of k?
2
Let h = 42 - 32. Suppose 0 = -41*v + h*v + 93. What is the units digit of v?
3
Suppose 0 = -4*f + 5*g + 341, -5*f - 39 = g - 429. Suppose -200 + f = -q - 3*h, 2*h = -4*q + 474. What is the units digit of q/(-2*(-9)/6 + -1)?
9
Let b(f) = 101*f**3 - 11*f**2 - 27*f + 317. What is the units digit of b(6)?
5
Let n(b) = -443*b - 4. What is the tens digit of n(-3)?
2
Let o(b) = 13*b**2 - 14*b + 116. Let y be o(8). Let l = y + -434. What is the hundreds digit of l?
4
Suppose 2*y - 54 = 90. Suppose 6*i - 78 = y. Let u = i + -1. What is the units digit of u?
4
Suppose -i = -5*d + 12, 4*i - 6*d = -2*d + 32. Suppose 7631 = 26*z - i*z. What is the hundreds digit of z?
5
What is the tens digit of ((-12)/(-5) - 2)/(6621/6620 - 1)?
4
Let m(j) = -578*j - 561. What is the thousands digit of m(-15)?
8
Suppose 36 = 5*r - 2*l, -4*l + l - 15 = -r. Let y be (380 + -402)/((-1 - 1) + 0). Suppose -y*w = -r*w - 330. What is the tens digit of w?
6
What is the hundreds digit of -1*(-23923 - (-5 + 15/3)/(-2))?
9
Suppose -4*u - 9 = q + 5, -4*u - 12 = 0. What is the units digit of (-1)/q + (-2667)/(-42)?
4
Let m(z) = -3501*z + 21. Let j be m(-14). What is the tens digit of j/75 + (-2)/(-10)?
5
Let l = -3339 - -17421. What is the ten thousands digit of l?
1
Let q(m) = m**2 + 27*m + 388. What is the tens digit of q(-80)?
2
Let s = -34 - -92. Let p = 63 - s. Suppose p*k = 442 + 113. What is the hundreds digit of k?
1
Let q = 9301 - -3825. Suppose 0 = -62*i + q + 43604. What is the units digit of i?
5
Let i = -723 - -751. Suppose -4*b = -i*b + 2568. What is the units digit of b?
7
Let a(b) = -b**3 + 4*b**2 + 8*b + 28. Let j(t) = -t**3 + 8*t**2 + 16*t + 56. Let y(r) = 5*a(r) - 2*j(r). What is the tens digit of y(-5)?
6
Suppose -2*c - 297 = -w, -240 = -w - 3*c + 77. Let l = w - 124. What is the tens digit of l?
8
Suppose -8*b = -16*b + 2640. Let x = b + -19. What is the hundreds digit of x?
3
Let w(q) = 2095*q - 70. Let j be w(-8). What is the units digit of ((-6)/(-5))/((-66)/j)?
6
Let y(w) = 30*w**2 - 30*w + 24. What is the units digit of y(2)?
4
Suppose -4*h - 5*q = -153, -2*q + 188 = 5*h + q. Let d = h - -35. Let f = -38 + d. What is the units digit of f?
4
Suppose -11*i = -8*i - 8*i. Suppose 0 = 2*p + 5*o - 873, -2*p + o + 867 = -i*o. What is the hundreds digit of p?
4
Let c(o) = o**2 + 9*o + 14. Let u be c(-7). Let v be (u + 3)*(-7008)/(-36). Let i = 832 - v. What is the hundreds digit of i?
2
Let z(g) = 24*g**2 + 5*g + 7. Let m = -72 - -77. Suppose 3*v + v + m*d = 17, 5*v = -4*d + 10. What is the units digit of z(v)?
3
Let q(r) = 2034*r - 503. What is the thousands digit of q(2)?
3
Let g(u) = -2*u**2 + 30*u + 3. Let p be g(13). Let h be -3 - (11/p + (-1322)/10). Let l = 281 - h. What is the tens digit of l?
5
Suppose 0 = 6*y - y + 3*v - 12, -y = 3*v - 12. Suppose y = m - 17 - 176. Suppose -3*g - 4 = -m. What is the units digit of g?
3
Let h(b) = -489*b - 435. What is the tens digit of h(-15)?
0
Let d(j) = -2*j**2 + 15. Let t be d(0). Suppose 4*s + t = -3*v, -s + v - 1 = -v. Let g(q) = -3*q**3 + 5*q**2 + 2. What is the units digit of g(s)?
8
Let y = -17846 - -27639. What is the units digit of y?
3
Let o(l) be the third derivative of 11*l**5/12 + l**4/6 - 10*l**3/3 - 2*l**2 - 7. What is the units digit of o(3)?
7
Let u(s) = 2*s**2 - 20*s + 35. Let i be u(8). Suppose i*j + 3*r - 4191 = 0, 4*j + 7*r - 5585 = 4*r. What is the units digit of j?
4
Suppose 0 = 4*z - 23 + 3. Let j be 2 - (-10)/z - 4. Suppose 4*v + 5*v - 1494 = j. What is the units digit of v?
6
Let s = -24 - -26. Let c(d) = -4*d**3 - 5*d**s - 2*d**3 + 35 - 3*d + 19*d**2 + 5*d**3. What is the hundreds digit of c(13)?
1
Let l = 2 - 0. Let z = -2405 - -2405. Suppose -l = -b, 0 = -z*j + 4*j - 5*b - 394. What is the tens digit of j?
0
Let d(z) be the second derivative of z**5/20 - 2*z**4/3 + 29*z**3/6 + 21*z**2/2 + 6*z + 8. What is the hundreds digit of d(11)?
7
Let j = 129 - 81. Suppose 47*o + 35 = j*o. Suppose 0 = 5*b - 0*b - o. What is the units digit of b?
7
Let c = 14611 - 10303. What is the hundreds digit of c?
3
Suppose 23152*t - 23138*t = 715358. What is the tens digit of t?
9
Let o = 96 - 94. Let f(q) be the first derivative of